160. What is the tens digit of y?
4
Let n(k) = -889*k + 7372. What is the hundreds digit of n(-69)?
7
Let x = 9415 + 10007. What is the hundreds digit of x?
4
Let k = -103 + 198. Let r = k + -71. Let j(m) = m**3 - 23*m**2 - 14*m + 8. What is the hundreds digit of j(r)?
2
Let p(y) = y**2 + y + 3. Let x be p(-1). Suppose 3*v + 3*u = 3441, 4*v - 2076 = -x*u + 2509. What is the units digit of v?
4
Suppose o = 3*g + 7232, 5*o - 5*g - 17397 = 18803. Suppose -2*w - 4*x + 5398 = -5*w, 4*w = -4*x - o. What is the hundreds digit of w/(-8) - 0 - 5/(-20)?
2
Let t be 4/(-20)*-25648 + (-2)/(-5). What is the tens digit of t/108*(-132)/(-10)?
2
Suppose -2*j + 23*j - 2093003 = -128*j. What is the hundreds digit of j?
0
Let a(d) = -d**2 + 15*d - 9. Let w be a(14). Suppose w*p = 6*p - 2. Suppose -5*h - 2*c + 569 = -c, p*c - 112 = -h. What is the hundreds digit of h?
1
Suppose 4*p - 2*o = 127 + 449, -o = 4*p - 576. Suppose 0 = -0*k - 4*k, -3*q - p = -3*k. What is the units digit of (-77)/(5 - q/(-9))?
1
Suppose 0 = -4*k - r + 6322, -2*k + 4*r = 3*k - 7892. Suppose -9*z = -1624 - k. Let t = z - 106. What is the tens digit of t?
5
Let w(s) = -s**2 - 50*s + 211. Let j be w(-33). Let r = j + -208. What is the units digit of r?
4
Suppose 4 = 2*w - 0*w. Let p = 2 + 0. Suppose p*m = -3*m + 3*q + 251, -w*m = 2*q - 110. What is the units digit of m?
2
Let o(f) = 11*f + 49. Let v be o(-5). What is the tens digit of (-1)/(4/246)*v?
6
Suppose 16*a = 6*a - 120. What is the tens digit of 680/12 - 4/a?
5
Let v = -106 - -109. Suppose -3*o = v*j - 318, -2*o + 117 + 101 = 5*j. What is the hundreds digit of o?
1
Let y = -216 + 424. Let m = 714 - y. What is the units digit of m?
6
Let p = -83 - -73. Let l = p + 14. Suppose -l*x = -2*v - 226, -2*x + 6*x + 5*v - 247 = 0. What is the units digit of x?
8
Suppose -1291 - 592 = -7*z. Suppose -6*o = -7*o + q + 249, -o - 4*q + z = 0. What is the tens digit of o?
5
Suppose -d - 2 = 3*f + f, -5*f + 5*d = 15. Let x be (6 - 180)/(-1 - f/3). Let i = x - 152. What is the tens digit of i?
0
Let i be (0 + 190)*(-2)/5. Let j = i + 256. What is the units digit of j?
0
Let d(y) = 4*y**2 - 4*y + 2. Let s(k) = -k + 12. Let l(g) = 2*g**2 - 2*g - 2. Let a be l(-2). Let p be s(a). What is the tens digit of d(p)?
1
Suppose 39*t + 63 = 36*t. What is the hundreds digit of (-5348)/t*(-3)/(-2)?
3
Suppose 5*t - 176850 = 7*b - 2*b, -4*b + 176814 = 5*t. What is the hundreds digit of t?
3
Suppose 88*l = 77*l + 74646. What is the units digit of l?
6
Let y be (-2)/(0 - 1/9). Suppose 424 = 29*u + y. What is the units digit of u?
4
Let q(u) = -199*u**3 + u**2 - u - 1. Suppose 0 = -4*b - 20, 2*y + 0*b - 4*b - 18 = 0. Let o be q(y). Let t = o + -67. What is the hundreds digit of t?
1
Suppose v + 68704 = 2*x - 70914, x + v - 69803 = 0. What is the tens digit of x?
0
Let a(m) = -23*m - 61. Let g be a(-3). Let k(r) = 137*r + 147. What is the tens digit of k(g)?
4
Suppose -33*l = -39*l + 12. Suppose -480 = -q + 3*t, -602 = -l*q - 4*t + 408. What is the units digit of q?
5
Suppose -65 = 2*g - k, 0 = 2*g - k + 5*k + 40. Let q = g - -33. What is the units digit of 3/(q/(-2))*(4 - 29)?
0
Let t be 45/10*(-4)/6. What is the hundreds digit of (-1 - -965) + 0 + -2 + t?
9
Let t be 8/6 + 44/(-33). What is the hundreds digit of t + 367/3 - (-36)/54?
1
Let h(s) = 26*s - 125. Let n be h(12). Suppose -6*a + a - n = -i, -a = 3*i - 497. What is the tens digit of i?
6
What is the thousands digit of (9 + 275/(-33))/((-14)/(-374409))?
7
Let r = 2271 - -3732. What is the thousands digit of r?
6
Let w = -2388 + 9890. What is the thousands digit of w?
7
Let v be 10/(-8)*(-6 - -2). Let k = 13040 - 13035. Suppose -p = -v*p - 2*x + 938, -k = -x. What is the units digit of p?
2
Let k(b) = b**3 - 11*b**2 - 5. Suppose -l - l = -22. Let m be k(l). Let c(u) = -36*u - 35. What is the tens digit of c(m)?
4
What is the units digit of (-2 - 578)/(-2 + 396/209)?
0
Suppose 35*d = 127*d + 2163 + 19365. Suppose y = 2*y + 52. Let t = y - d. What is the units digit of t?
2
Let x be (((-35)/15)/7)/((-3)/(-639)). Let l = x - -64. What is the units digit of 201*1 - (8 + l)?
0
Let o(b) = 19*b**2 + 34*b - 20. Let t be o(-12). Suppose 3*z + 463 = t. What is the units digit of z?
5
Suppose -l = 3*o - 57163, 949*l - 950*l + 57184 = -4*o. What is the thousands digit of l?
7
Suppose -15*p - 14*p + 63916 = 0. What is the thousands digit of p?
2
Let w(o) = -5 + 9 - 6 + 212*o**2 + 2*o. Let l be w(1). Suppose l = 48*n - 44*n. What is the tens digit of n?
5
Suppose -4 = 26*v - 28*v. What is the hundreds digit of v/(-8) + (47670/8)/7?
8
Let o(d) = 7*d - 16. Let z(k) = 4*k - 8. Let m(a) = 2*o(a) - 5*z(a). Let g(w) = 160*w - 172. Let b be g(1). What is the units digit of m(b)?
0
Suppose 0 = 7*o - 3*o - 28. Let r(s) = s**2 - 21*s - 2. Let t be r(o). Let i = t - -152. What is the units digit of i?
2
Let o = -50 - -196. Let d = -11461 + 12036. Suppose 4*l = r + d, -10*l - 2*r + o = -9*l. What is the units digit of l?
4
Let q(r) = -13*r + 23. Suppose 3*h + 39 = -p + 15, -3*h = -4*p + 39. What is the units digit of q(h)?
0
Let c(j) = 2 + 2 + j - 1 + 1. Let b be c(-3). What is the tens digit of (88 + 21)*((0 - 0) + b)?
0
Suppose 21*j - 353 = -1178 - 225. Let r be -13 + -3 + (-1 - -2). What is the tens digit of 3/(r/j)*25?
5
Let r = 304 - 211. Let d = r + 18. Suppose 5*u + d = 4*c, -2*u - 8 = -4*c + 118. What is the tens digit of c?
3
Let k = 5790 - 4815. What is the hundreds digit of k?
9
Let u(m) = m - 2. Let l be u(0). Let s be (5/(-2) - l) + 98/28. Suppose s*y = 4*y, 120 = 3*h - 4*y. What is the units digit of h?
0
Suppose 3*l - 21302 + 2792 = 4*m, 0 = 5*l - 5*m - 30850. Suppose l = -12*x + 24134. What is the units digit of x?
7
Let q(k) = 3*k**2 - 2*k + 2. Let m be q(1). What is the hundreds digit of (-6 + 4)/(2/m) - -310?
3
Let d(u) = -u**3 - 37*u**2 - 74*u - 47. Let r be d(-36). Suppose 648 = s + 5*z, r = 2*s - 8*z + 13*z. What is the hundreds digit of s?
6
Let c be (-2)/(-6) + (-3634)/(-6). Let z = c - 298. What is the tens digit of z?
0
Suppose 36*o - 35*o - 4999 = -3*w, -15 = 3*o. What is the thousands digit of w?
1
Let v = 2584 + -1688. What is the units digit of (8 - -1 - 2) + v?
3
Let i(m) = -m**2 + 14*m - 30. Let p be i(11). Suppose h + 12 = 2*l + 2*l, -3*h + l - p = 0. Suppose -g + 3*g - 350 = h. What is the units digit of g?
5
Let z be 1/((66/(-2940))/(-11)). Let p = z - -249. What is the units digit of p?
9
Suppose 2*k + k - 108 = 0. Let i = -33 + k. Suppose -124 - 173 = -i*m. What is the units digit of m?
9
Suppose -2*o + 68 = 64. Suppose -u - o*u = 369. Let j = -21 - u. What is the units digit of j?
2
Let s(z) = 7*z**3 + 91*z**2 - 38*z + 54. Let n(h) = 4*h**3 + 46*h**2 - 19*h + 27. Let j(f) = -5*n(f) + 3*s(f). What is the hundreds digit of j(-43)?
8
Let x = -608 - -610. Suppose 0 = k - 1, -k - 2*k = -x*l + 2255. What is the hundreds digit of l?
1
Let w(a) = -144*a - 2. Suppose -13 = -4*k - s, 0 = k - 0*s + 5*s - 8. Suppose -4*c = t - 4*t + 10, -k*t = -6. What is the units digit of w(c)?
2
Suppose -18*h + 10*h = -1128. Suppose -6323 - h = -4*f. What is the hundreds digit of f?
6
Suppose 92*j - 87*j - 22354 + 2819 = 0. What is the hundreds digit of j?
9
Suppose 3*k + 11 = -4, 4*u - k - 1113 = 0. Suppose 0 = -z + q + 340, -2*z + u + 409 = -5*q. What is the units digit of z?
8
Let c be -2 + (-29344)/(-18) - 16/72. Suppose -s - 221 + c = 0. What is the hundreds digit of s?
4
Suppose l = -w - 1, 3*w + w + 18 = 3*l. Suppose 2 = l*r, 0*x + 2*x - 5*r - 5 = 0. Suppose 5*q + 20 = 0, 2*q + 622 = x*d + 4*q. What is the hundreds digit of d?
1
Let p(z) = -15*z - 29. What is the tens digit of p(-4)?
3
Let t(r) = -78*r - 128. Let s be t(4). Let v = 646 + s. What is the units digit of v?
6
Let m be -1 - (-877 + -3 + 3 - 5). What is the tens digit of (3 - ((-3)/(-1) + 0)) + m?
8
Let c(o) = 2*o**2 + 13*o + 16. Let s be c(-3). What is the tens digit of (12/s + 2)/((-2)/280)?
5
Suppose -56311 = -g + 4*y, -38*g + 35*g + 3*y = -168906. What is the thousands digit of g?
6
Let j(a) = 181*a**3 + 5*a**2 - 165*a + 790. What is the thousands digit of j(5)?
2
Let v be (-1 - -2249*1) + 13 + -11. Suppose -4*i + 5*r + 0*r = -3002, 3*r + v = 3*i. What is the units digit of i?
8
Suppose 0 = 84*g - 405011 + 41795. What is the thousands digit of g?
4
L